3.
41, 233, 1621
List the prime factors of 7086076.
2, 17, 104207
List the prime factors of 961714.
2, 13, 47, 787
List the prime factors of 670044.
2, 3, 55837
List the prime factors of 1794614.
2, 897307
List the prime factors of 4216202.
2, 97, 103, 211
What are the prime factors of 17893905?
3, 5, 1192927
List the prime factors of 127882.
2, 43, 1487
What are the prime factors of 5183158?
2, 2591579
What are the prime factors of 8644880?
2, 5, 108061
What are the prime factors of 332045?
5, 7, 53, 179
What are the prime factors of 16649401?
23, 61, 11867
List the prime factors of 181377.
3, 7, 2879
What are the prime factors of 858349?
809, 1061
List the prime factors of 5368560.
2, 3, 5, 22369
What are the prime factors of 129506?
2, 13, 17, 293
List the prime factors of 9389823.
3, 29, 37, 2917
What are the prime factors of 27393547?
2917, 9391
List the prime factors of 1433296.
2, 29, 3089
What are the prime factors of 416988?
2, 3, 11, 13
List the prime factors of 2301540.
2, 3, 5, 89, 431
What are the prime factors of 9593263?
1181, 8123
List the prime factors of 313225.
5, 11, 17, 67
List the prime factors of 647577.
3, 7, 19, 541
List the prime factors of 736298.
2, 368149
List the prime factors of 8119369.
8119369
What are the prime factors of 1317407?
7, 13, 31, 467
What are the prime factors of 8717180?
2, 5, 435859
List the prime factors of 13829188.
2, 19, 61, 157
List the prime factors of 1310358.
2, 3, 7, 4457
What are the prime factors of 3096427?
3096427
List the prime factors of 22153805.
5, 17, 263, 991
List the prime factors of 875755.
5, 17, 10303
What are the prime factors of 23188814?
2, 11, 139, 7583
What are the prime factors of 13618?
2, 11, 619
List the prime factors of 10069521.
3, 7, 11, 43591
What are the prime factors of 6066616?
2, 59, 12853
List the prime factors of 703536.
2, 3, 14657
What are the prime factors of 92381?
92381
List the prime factors of 5583157.
17, 328421
List the prime factors of 2424481.
2424481
What are the prime factors of 77382?
2, 3, 1433
List the prime factors of 570713.
11, 13, 307
What are the prime factors of 13884573?
3, 19, 243589
List the prime factors of 168786.
2, 3, 9377
List the prime factors of 395416.
2, 7, 23, 307
List the prime factors of 2639175.
3, 5, 7, 11, 457
List the prime factors of 180693.
3, 17, 1181
What are the prime factors of 1593878?
2, 11, 13, 5573
What are the prime factors of 5616692?
2, 23, 61051
What are the prime factors of 479357?
479357
List the prime factors of 7800357.
3, 2600119
What are the prime factors of 177006?
2, 3, 29501
What are the prime factors of 6729903?
3, 379, 1973
List the prime factors of 1001047.
67, 223
List the prime factors of 839702.
2, 47, 8933
List the prime factors of 4381499.
4381499
List the prime factors of 456054.
2, 3, 29, 2621
List the prime factors of 403869.
3, 17, 7919
What are the prime factors of 10763623?
13, 677, 1223
What are the prime factors of 395865?
3, 5, 19, 463
What are the prime factors of 117051?
3, 11, 3547
What are the prime factors of 2696291?
13, 433, 479
What are the prime factors of 114534?
2, 3, 7, 101
What are the prime factors of 946182?
2, 3, 31, 5087
List the prime factors of 626207.
626207
List the prime factors of 24748361.
11, 179, 12569
List the prime factors of 524190.
2, 3, 5, 101, 173
List the prime factors of 2007083.
13, 61, 2531
What are the prime factors of 2870789?
2870789
List the prime factors of 375896.
2, 19, 2473
List the prime factors of 2348955.
3, 5, 7, 7457
List the prime factors of 105412.
2, 19, 73
What are the prime factors of 845159?
7, 120737
List the prime factors of 544908.
2, 3, 7, 13, 499
What are the prime factors of 21435944?
2, 2679493
List the prime factors of 1691551.
17, 19, 5237
List the prime factors of 3950509.
3950509
What are the prime factors of 20385?
3, 5, 151
What are the prime factors of 946019?
251, 3769
List the prime factors of 3084763.
11, 173, 1621
List the prime factors of 6472496.
2, 404531
List the prime factors of 5546295.
3, 5, 59, 2089
What are the prime factors of 13791248?
2, 563, 1531
What are the prime factors of 2285971?
31, 37, 1993
List the prime factors of 16725806.
2, 8362903
List the prime factors of 37549288.
2, 7, 95789
List the prime factors of 20697246.
2, 3, 521, 2207
What are the prime factors of 561367?
561367
What are the prime factors of 5214913?
11, 31, 41, 373
What are the prime factors of 2849378?
2, 7, 23, 8849
What are the prime factors of 246797?
47, 59, 89
What are the prime factors of 469521?
3, 13, 4013
What are the prime factors of 2507568?
2, 3, 7, 17, 439
List the prime factors of 13294904.
2, 7, 237409
List the prime factors of 16295.
5, 3259
List the prime factors of 2261335.
5, 83, 5449
What are the prime factors of 6704167?
103, 65089
What are the prime factors of 1104823?
1104823
What are the prime factors of 203873?
203873
List the prime factors of 5042276.
2, 1260569
What are the prime factors of 12323896?
2, 13, 71, 1669
What are the prime factors of 16034920?
2, 5, 11, 3313
What are the prime factors of 316259?
316259
List the prime factors of 1463271.
3, 487757
What are the prime factors of 5769390?
2, 3, 5, 11, 17483
What are the prime factors of 58943?
58943
What are the prime factors of 16642106?
2, 13, 53, 929
What are the prime factors of 1530316?
2, 382579
List the prime factors of 4670281.
7, 11, 131, 463
List the prime factors of 4077690.
2, 3, 5, 29, 43, 109
What are the prime factors of 2283966?
2, 3, 223, 569
What are the prime factors of 1447649?
7, 206807
List the prime factors of 50066.
2, 25033
List the prime factors of 739678.
2, 71, 5209
List the prime factors of 3440282.
2, 311, 5531
List the prime factors of 21660.
2, 3, 5, 19
List the prime factors of 1515909.
3, 101, 5003
What are the prime factors of 581446?
2, 43, 6761
List the prime factors of 58889.
58889
What are the prime factors of 2896542?
2, 3, 11, 14629
What are the prime factors of 2180301?
3, 17, 42751
What are the prime factors of 9206569?
9206569
What are the prime factors of 2873341?
2873341
What are the prime factors of 20908706?
2, 7, 13, 114883
List the prime factors of 297932.
2, 211, 353
What are the prime factors of 741048?
2, 3, 7, 11, 401
List the prime factors of 144675.
3, 5, 643
What are the prime factors of 5865786?
2, 3, 325877
What are the prime factors of 92356?
2, 11, 2099
List the prime factors of 90635.
5, 18127
List the prime factors of 554808.
2, 3, 23117
What are the prime factors of 213453?
3, 37, 641
List the prime factors of 838670.
2, 5, 7, 11981
List the prime factors of 1251555.
3, 5, 83437
What are the prime factors of 10679361?
3, 7, 11, 83, 557
What are the prime factors of 930454?
2, 7, 41, 1621
List the prime factors of 4465797.
3, 7, 29, 7333
What are the prime factors of 17807096?
2, 2225887
List the prime factors of 814979.
11, 43, 1723
List the prime factors of 16558287.
3, 5519429
What are the prime factors of 851297?
851297
List the prime factors of 606751.
199, 3049
What are the prime factors of 4741795?
5, 23, 41233
List the prime factors of 1446807.
3, 419, 1151
What are the prime factors of 1913005?
5, 382601
What are the prime factors of 426021?
3, 142007
What are the prime factors of 768682?
2, 467, 823
What are the prime factors of 1468975?
5, 67, 877
What are the prime factors of 12188479?
43, 137, 2069
List the prime factors of 4387385.
5, 19, 46183
What are the prime factors of 911873?
911873
What are the prime factors of 19724779?
19724779
What are the prime factors of 12763690?
2, 5, 43, 29683
List the prime factors of 10388711.
257, 40423
What are the prime factors of 18530795?
5, 19, 107, 1823
What are the prime factors of 4728907?
17, 16363
What are the prime factors of 43533620?
2, 5, 13, 167437
What are the prime factors of 386870?
2, 5, 11, 3517
What are the prime factors of 21986?
2, 10993
List the prime factors of 8440460.
2, 5, 7, 60289
List the prime factors of 3055072.
2, 95471
List the prime factors of 14955.
3, 5, 997
What are the prime factors of 1430910?
2, 3, 5, 13, 1223
List the prime factors of 130043.
130043
List the prime factors of 342787.
373, 919
List the prime factors of 912620.
2, 5, 45631
What are the prime factors of 712898?
2